 = 83 - 29. List the prime factors of h.
2, 3
Let i = 3 + -41. Let r = i + 135. List the prime factors of r.
97
Suppose -436*j = -444*j + 6728. What are the prime factors of j?
29
Let r(q) = -q**2 + 17*q - 12. Let a be r(16). Suppose -2*m + 711 = 3*o, 458 = 4*o + a*m - 494. List the prime factors of o.
5, 47
Let q be (-1 + 0)/(3/(-21)). Suppose 0 = 4*z - 5 - q. Suppose z = t, 0*g = g - 4*t - 9. What are the prime factors of g?
3, 7
Suppose -5*p - 16 = -2*i, 0 = i + i - 4*p - 14. Suppose -4*f + i*f + 35 = 0. Let g = 63 - f. What are the prime factors of g?
2, 7
Let w = 791 + -410. What are the prime factors of w?
3, 127
Let n be (-2)/9 + 1238/(-18). Let w = 99 + n. What are the prime factors of w/(-4)*8/(-5)?
2, 3
Let n be 3/(-1*3/(-81)). Let h = n - 40. What are the prime factors of h?
41
Suppose 0 = -3*o + 9, 4*o = 7*q - 11*q + 3996. What are the prime factors of q?
2, 3, 83
Suppose -5050 - 54 = -11*k. List the prime factors of k.
2, 29
Let r = -20 - -88. Suppose -r = 13*n - 9*n. Let i = 4 - n. What are the prime factors of i?
3, 7
Suppose 10*d - 15*d + 50 = 0. Suppose -d*f - 3*v + 393 = -5*f, -5*f = 5*v - 395. List the prime factors of f.
2, 3, 13
Let h(w) = 4*w - 25. What are the prime factors of h(29)?
7, 13
Suppose -44*h - 4*h + 90000 = 0. What are the prime factors of h?
3, 5
Let i = -402 - -1101. List the prime factors of i.
3, 233
Suppose 43 = 3*r - 5*t, 37 = 4*r - 2*r + 5*t. Suppose -4*s + r = -0*s. Suppose n - 76 = -5*g, g = -s*g - 2*n + 72. List the prime factors of g.
2
Suppose 0 = -2*o + 2*d - 10, 3 = -3*o + d - 6. Let g be 228/o*(-18)/27. Let h = g - 45. What are the prime factors of h?
31
Let a be 0/(-3) + 0 + 26. Suppose 220 = 3*d - a. What are the prime factors of d?
2, 41
Let d(t) = t**3 + 6*t**2 - 2*t - 3. Let z be d(-6). Suppose u + z = 49. List the prime factors of u.
2, 5
Suppose 5*t = 2 - 42. Let b(g) = -g**2 - 10*g - 16. Let h be b(t). Suppose 4*c + 3*x - 31 = 0, 0*c - 5*c - 3*x + 38 = h. List the prime factors of c.
7
Let d(m) = -m**3 + 20*m**2 + 21*m + 4. Let r be d(21). Suppose 0*z + 114 = 2*z - r*s, -s = -5*z + 285. What are the prime factors of z?
3, 19
Suppose -7*n + 1450 = -4304. List the prime factors of n.
2, 3, 137
Suppose -78*z - 2464 = -82*z. What are the prime factors of z?
2, 7, 11
Let d = -50 - -76. Suppose -d = -3*y + 64. List the prime factors of y.
2, 3, 5
Let h(j) = 28*j**2. Suppose p + 5*c = 2*c + 10, -3*p = -4*c + 9. List the prime factors of h(p).
2, 7
Let w(t) be the first derivative of 38*t**3/3 - t**2 + 2*t - 1. Let x be -1*(-4 - (-15)/5). What are the prime factors of w(x)?
2, 19
Suppose u - 5*l = 935, 2*u + 5*l - 889 = 981. List the prime factors of u.
5, 11, 17
Suppose -1246 = -5*q - 236. List the prime factors of q.
2, 101
What are the prime factors of ((-1 - -1) + 3)/(21/6181)?
883
Let f be -1 + 17 + 2*1. Let v = 30 + -42. Let t = v + f. What are the prime factors of t?
2, 3
Suppose -5*l - 3*b + 16 = 0, 2*b = -l - b - 4. Suppose -2*o - o = -15, -5*o = -l*v + 20. List the prime factors of (1 + v)*2/4.
5
Suppose 0 = -4*d - 3*i + 5*i + 20, -2*d - 4*i + 20 = 0. Suppose -2*r = -2*g + 748, -2*r + d*r + g + 1506 = 0. List the prime factors of r/(-16) - 1/(-2).
2, 3
List the prime factors of (576/(-112))/18 - (-50964)/14.
2, 5, 7, 13
Let t be (-600)/(-156) - (0 + 2/(-13)). Suppose -404 = -2*w + t*z, -2*z - 394 = -2*w - 0*w. List the prime factors of w.
2, 3
Suppose 17*w + 10316 - 66382 = 0. List the prime factors of w.
2, 17, 97
Let l be -2*5*(-7 + 6). Let g(u) = -22*u + 5. Let v be g(-7). Suppose 5*j + 4*d = 151, l*j - 5*j = 4*d + v. List the prime factors of j.
31
Suppose 0 = -4*c - 20, f + 4*f + 5*c = 16260. List the prime factors of f.
3257
Suppose -3*j - 7*y + 1319 = -2*y, -4*j + 1812 = -4*y. What are the prime factors of j?
2, 7
Suppose 120 = 4*f + 516. Let c = -9 - f. List the prime factors of (-844)/(-30) - 12/c.
2, 7
Suppose 2*l + 57 = -5*u, -3*l - 88 = 6*u - u. Let f = 37 + l. What are the prime factors of f?
2, 3
What are the prime factors of (-8)/(-4) + (1210 - (-1 - 4))?
1217
Suppose 3007 = 3*r + u, 8*u - 7*u + 1009 = r. What are the prime factors of r?
2, 251
Suppose -4*l + 34 = 14. Suppose -n = l*n - 486. What are the prime factors of n?
3
What are the prime factors of (-3768)/(-48) + (-1 + -1)/(-4)?
79
Let b = 61 - -584. What are the prime factors of b?
3, 5, 43
What are the prime factors of -4 - (-665)/10*2?
3, 43
Let d be (-16)/5*30/(-6). Let m(q) = -q**2 - 8*q + 7. Let s be m(-9). Let b = d + s. List the prime factors of b.
2, 7
Suppose 0 = 5*i + 3*f - 0*f - 115, 2*i + 3*f - 55 = 0. List the prime factors of i.
2, 5
Let w = 5 + 6. Let x(m) = -m + 21. List the prime factors of x(w).
2, 5
Let l(b) be the first derivative of b**4/4 - b**2 + 4*b + 56. Let w = -2 + 5. What are the prime factors of l(w)?
5
What are the prime factors of ((-6)/(-4))/(87/31030)?
5, 107
Let t(q) = -15*q - 16. Let d(o) = 8*o + 8. Let m(c) = -5*d(c) - 2*t(c). Let s be (42/63)/((-2)/15). List the prime factors of m(s).
2, 3, 7
Let l(n) = n**2 - 3*n - 14. List the prime factors of l(-17).
2, 163
What are the prime factors of (-3 - -11) + 1331 + -5?
2, 23, 29
Suppose -5*z - 15 = 0, -3*j + 4 = -5*z - 2. Let y(l) = 13*l**2 + 4*l - 9. List the prime factors of y(j).
2, 3
Let j be 2 + -4*1*(-3)/6. Suppose i + 5*b + 998 = 5*i, 0 = j*i + b - 1010. List the prime factors of i.
2, 3, 7
Suppose 3*l - 11 = -4*g, 2*g - 3*l - 5 - 14 = 0. Suppose -5*v + r + 601 = 0, r - 489 - 110 = -g*v. List the prime factors of v.
2, 3, 5
Suppose 0*y + 2*y + 8 = 0, -3*m + 4*y + 37 = 0. Let a = -5 + m. Suppose 0 = a*i - 100 + 14. What are the prime factors of i?
43
Let r(v) = 183*v**2 - 11*v - 46. What are the prime factors of r(-3)?
2, 19, 43
Let r(u) = 2*u**2 + 22*u - 10. Let j be r(-13). What are the prime factors of 54/63*5*j?
2, 3, 5
Let r be (-3 - -2) + (-120)/(-1). Suppose -7*u + 3*c + 237 = -2*u, r = 3*u + 4*c. List the prime factors of (-205)/(-9) - (-10)/u.
23
Suppose -3*d + 6073 = 14*r - 9*r, -2*d + r = -4053. What are the prime factors of d?
2, 1013
What are the prime factors of 3/(30149/3766 - 8)?
2, 269
Suppose -3*x - 4 = -w - 11, -3*w = 3*x - 27. Let m(t) = -12*t - 13*t + 25*t - 2*t**2 + 3*t**2. What are the prime factors of m(w)?
5
Suppose -a + 40 = 4*h + 3*a, -2*h - 4*a + 30 = 0. Suppose h*m = 239 + 181. List the prime factors of m.
2, 3, 7
Suppose 8*w = 18 + 14. Suppose -w*u = -0*u. Suppose t + 4 = u, -4*z + 3*t = z - 222. What are the prime factors of z?
2, 3, 7
Let l(m) = -3*m**3 + 2*m**2 - 7*m - 10. Let i be l(-5). Suppose -19*y = -14*y - i. What are the prime factors of y?
2, 3, 5
Let d(b) = b**3 - 10*b**2 - 9*b - 15. Let f be d(11). Let c = f + 14. List the prime factors of c.
3, 7
Let k be (-166)/(-3) + (-4)/12. Suppose -4*q - 16 = 0, -q = -a - 0*q - k. Let t = -23 - a. What are the prime factors of t?
2, 3
Suppose -2*i + 2 = -i. Let s be (2 - (6 + i))*1. Let y = 0 - s. What are the prime factors of y?
2, 3
Let m(p) = -5*p**2 - 3*p - 8. Let j be m(-5). Let a = j - -177. What are the prime factors of a?
59
Suppose 5*p - 27 = 4*y, 5*y + 3 = -p - 9. Suppose 22 = p*v - 32. List the prime factors of v.
2, 3
Suppose 5*k - 1573 - 902 = -3*g, -3*k + 1650 = 2*g. What are the prime factors of g?
3, 5, 11
Suppose -14*o + 3723 + 1037 = 0. Suppose 6*n + 4*v - o = 2*n, -5*v - 135 = -2*n. What are the prime factors of n?
2, 5
Let b = 594 + -370. Let t = -128 + b. List the prime factors of t.
2, 3
Let z = 407 + -296. What are the prime factors of z?
3, 37
Let f(q) be the second derivative of -q**3/6 + 7*q**2/2 - 9*q. Let b be f(-15). What are the prime factors of 1/(3 + -4) + b?
3, 7
List the prime factors of (-23)/(-46) - 2606/(-4).
2, 163
Let a(s) = -105*s. Let g be a(-1). Let f be 3645/g - (-4)/14. Suppose -f = -2*p + 45. What are the prime factors of p?
2, 5
Let t be -3*-3*(-4)/(-12). Suppose -q + 2*q + f - 20 = 0, -3*q + t*f = -42. List the prime factors of q.
17
Let d = -131 + 311. Suppose -g - d = -3*p + 752, 5*g + 1550 = 5*p. List the prime factors of p.
311
Let n(g) = 4*g**2 - 7*g + 6. Let o be n(5). Let m = o + 33. What are the prime factors of m?
2, 13
Suppose -2*h + 203 = 45. Suppose -6*w = -53 - h. List the prime factors of w.
2, 11
Let w(d) = -25*d + 2. Let r be w(-1). Suppose r = -2*h + 3*h. List the prime facto